6/120 - 11*f**5/60 - f**4/12 - 3*f**3/2 + 5*f**2 - 26*f. What is l(-11)?
13
Let n = -1155 - -1170. Let c(h) = -h**2 + 18*h - 36. Give c(n).
9
Let r(q) be the second derivative of -23*q**3/6 - q**2/2 - 156*q. Calculate r(-1).
22
Let b be ((-16)/(8 + -6))/((-3)/21). Let v = b + -62. Let j(s) = -s**2 - 5*s + 2*s - 4*s. What is j(v)?
6
Let a(y) = y**2 + 5*y - 3. Let t be a(-5). Let f be t/(4/(-8) - -2). Let s(l) = 2 + 0*l + 9*l**2 - 10*l**2 + l. Give s(f).
-4
Let s(g) be the second derivative of 0*g**3 - 1/3*g**4 - 2*g**2 + 0 - 1/10*g**5 - 5*g. Calculate s(-3).
14
Let z(s) = 13*s + 5. Let u(b) = 25*b + 9. Let l(w) = -2*u(w) + 5*z(w). Let q(f) = -7*f - 3. Let o be (78/9)/(2/3). Let r(g) = o*q(g) + 6*l(g). Calculate r(5).
-2
Let w(o) = 4*o**2 - 3*o + 70. Let x(n) = 2*n**2 - 2*n + 40. Let i(t) = -4*w(t) + 7*x(t). What is i(2)?
-12
Let v = 3783 - 2402. Let w(n) = -n - 1381 + v. Give w(-7).
7
Let z(g) = 10*g + 1. Let s be 676/(-36) + 2/(-9). Let u = s + 21. What is z(u)?
21
Let j(y) = 19 + 12 - 61 + 17 + y + 14 + 2*y**2. What is j(2)?
11
Let l(x) be the third derivative of 0 + 1/120*x**6 + 1/24*x**4 + 7/6*x**3 + 40*x**2 + 0*x + 2/15*x**5. Give l(-8).
-1
Let w(r) = -r**3 - 6*r**2 - 6*r - 3. Let d(z) = -5*z**3 - 31*z**2 - 31*z - 16. Let c(n) = -2*d(n) + 11*w(n). Let u = -2561 - -2558. Determine c(u).
2
Let w = 1862 - 1868. Let y(f) = f**2 + 9*f + 18. What is y(w)?
0
Let h = 12 - 1. Suppose -h + 5 = 2*o. Let v be o + (1 + 0 - -8). Let f(s) = -s**2 + 5*s + 1. What is f(v)?
-5
Let l be (-2 - -1)/(1/(-102)*-6). Let r = l - -23. Let s(z) = -2*z**2 + 8*z + 2. Give s(r).
-22
Suppose 137*l - 24 = -82 + 606. Let o(x) = 3*x + x**3 - x**2 - 2*x**2 + 2 - 2*x**2. What is o(l)?
-2
Let m(s) = -3 - s**2 - 9*s + 7*s + 5*s. What is m(3)?
-3
Let w(k) = -k - 5. Suppose 5*z - 23 = -2*u + 3*u, 2*u + z = -24. Give w(u).
8
Let y(d) = -8*d - 37. Let m be y(-5). Let l(h) = 3*h - m*h**2 + 0*h - 6*h**2 - 2*h + 1. Suppose -o + 1 = -2*o. Calculate l(o).
-9
Let w(q) be the first derivative of -1/4*q**4 - 3/2*q**2 - 5/3*q**3 - 1 - 12*q. Let n be w(-5). Let o(p) = p**2 - 6*p + 1. Determine o(n).
-8
Let w = 7 + -13. Suppose -5*y + 6 = -19. Let c(m) = -3 + 3*m**3 - 4*m**3 - y*m**2 + 3 + 7*m + 3. Calculate c(w).
-3
Let g(o) = o - 3 - 2*o + 286*o**2 - 293*o**2 + 3. Give g(1).
-8
Let x(z) = -2*z**2 + 4*z + 4. Let l be x(2). Let i(p) = p**2 - 4*p - 5. Determine i(l).
-5
Let l(v) = -13*v**2 - 1. Suppose -2*i + 5*d + 2 = -8, 4*d = -3*i + 15. Let j be i*(-2)/(-10)*1. Give l(j).
-14
Let n(l) = -17*l**3 - 5*l + 11*l**2 + 16*l**3 + 0*l**2 + 0*l. Let i(o) = 3*o**3 - 32*o**2 + 15*o + 1. Let a(h) = 4*i(h) + 11*n(h). Give a(6).
-2
Suppose -8*m + 229 - 181 = 0. Let t(c) = -c**2. Let h(s) = 5*s**2 - 6*s + 1. Let g(x) = -h(x) - 4*t(x). What is g(m)?
-1
Let t(l) = 11*l**3 + 12*l**2 + 17*l + 34. Let v(s) = 4*s**3 - 2*s**2 + 1. Let q(h) = t(h) - 3*v(h). What is q(19)?
-7
Let i(l) = 6*l**2 + 10*l - 2. Let g(t) = -t**2 - 2*t. Let c(y) = -5*g(y) - i(y). Calculate c(-6).
-34
Let w(u) be the third derivative of u**4/8 + u**3/2 - 2*u**2 - 64. Calculate w(-6).
-15
Let w(x) = x**2 - x - 10. Let r be w(-3). Let o(n) = -n + r*n + 4 + 3 - 6. Give o(0).
1
Let n = -249 + 242. Let d(u) = -u - 1. What is d(n)?
6
Let m(f) be the second derivative of f**3 + 5/2*f**2 + 1/12*f**4 - 42*f + 0. Give m(-6).
5
Suppose -2*c - 2 = 2*g, -c = -5*g - 0*c - 17. Let b be (6/(-18))/(g/27). Let t(v) be the third derivative of v**5/60 - v**3/2 + v**2. Determine t(b).
6
Let w = 525 - 526. Let n(q) = 4*q - 1. Determine n(w).
-5
Suppose 0 = -m - 2*p - 26, 4*m - p + 39 = 4*p. Suppose 3*t - 58 = -5*b, -2*b + 4*t = -1 - 43. Let o = m + b. Let g(w) = 2*w**3 + 4*w**2 + 3*w. Calculate g(o).
-6
Let r(n) = n**3 - 30*n**2 + 58*n - 51. Let z be r(28). Suppose -3*f = -0 + 6. Let s(c) = -10*c. Let y(a) = a. Let u(g) = f*s(g) - 22*y(g). Calculate u(z).
-10
Let r(s) = 2*s - 4. Let g be r(3). Let c(o) = -492 + 0*o**2 + 490 + 3*o + 2*o**2 - 2*o**3. What is c(g)?
-4
Let a(k) = 7*k + 59. Let q be a(-8). Let o(u) = -2*u**2 - 3*u - 2. Calculate o(q).
-29
Let i(n) = 4*n**3 - n**2 - n + 1. Suppose -3*z = h + 11, -2*h + 7*h - z = 9. Suppose -3*s - 6 = -5*s, -h = -4*k + s. Give i(k).
3
Let n(j) = j**3 - 7*j**2 - 10*j. Let p be n(8). Let g(v) = v**2 + 15*v - 13. Let o be g(p). Let k(t) = t**2 - 2*t - 1. Calculate k(o).
2
Let c(m) = -1083*m**3 - 5*m**2 - 4*m + 538*m**3 + 544*m**3. Determine c(-2).
-4
Let v be (1 - -2 - -2) + 6. Let a(d) = 3*d - v + 140*d**2 - 141*d**2 + 3. Give a(6).
-26
Let s(p) = -1 - 4*p**2 + 2 + 5*p**2 - 2 - 7 + 5*p. Suppose 5*y = 5*w + 5, 5 = -2*y + y. Give s(w).
-2
Let l(d) = -d**2 - 7*d + 5. Let w(b) = -b**2 + 1. Let y be w(1). Suppose 2*c + 21 - 9 = y. Give l(c).
11
Let m = -4 + 13. Let w = m + -4. Suppose w*v - 5*h = 30, -2*h + 6 = 4*v - 0*h. Let c(y) = -y - 4. Give c(v).
-7
Let b(z) = 15 - 646*z + 645*z - 4. Give b(8).
3
Let l(g) = 7*g - 4 - 2*g**2 - g**3 - 5*g + 7. What is l(-3)?
6
Suppose -13*q + 88 + 146 = 0. Let s(m) = m**2 - 17*m - 14. Give s(q).
4
Suppose f = 5*f. Suppose l + 0*l + 3 = f. Let r(z) = 5*z**2 - 9*z - 17. Let c(m) = -3*m**2 + 6*m + 11. Let y(u) = -8*c(u) - 5*r(u). Calculate y(l).
-3
Let f(h) = 3*h**3 - 3*h + 14*h**3 + 7*h**3 + 6*h**3 + 5*h**2 - 31*h**3 + 9. What is f(5)?
-6
Let f(i) be the first derivative of i**4/4 + 2*i**3 + 5*i**2/2 + 17. Suppose 18 = -4*z + 2*o, -18*z = -17*z + 3*o + 8. Calculate f(z).
0
Suppose 0 = 7*d - 13*d + 24. Suppose -d*l - 43 = -47. Let y(r) = -6*r. Calculate y(l).
-6
Let m(r) = -r + 7. Let a(l) = -3*l**2 - 6*l + 2. Let q(t) = -t**2 + 1. Let k(c) = a(c) - 4*q(c). Let b be k(7). What is m(b)?
2
Let a(u) = -15*u - 35. Let j(l) = -5*l - 12. Let n(d) = 4*a(d) - 11*j(d). Give n(6).
-38
Let q(t) = -3*t + 6. Let c = -36 + 39. Let a be q(c). Let v(i) = i**2 - 2. Calculate v(a).
7
Let z(b) = -b**2 + 7*b + 11. Let j be -2 + 20/9 - 420/(-54). Calculate z(j).
3
Let p(d) = 50*d + 9. Let n(t) = -25*t - 4. Let o(l) = 5*n(l) + 2*p(l). Give o(1).
-27
Suppose -3*v - 2*v = d + 20, 2*v = d - 8. Let n = 119 - 116. Let b(g) = -4 + 13*g**3 - 1 - 6*g + 2*g**2 + 13*g**3 - 25*g**n. Give b(v).
-13
Let f(k) = -3*k**2 - 5*k + 15. Let c(j) = -8*j**2 - 12*j + 43. Let d(a) = -4*c(a) + 11*f(a). Suppose 2*q + 10 = -2*n, -q + 4*q + 25 = -5*n. Determine d(n).
3
Let a(d) be the third derivative of d**7/360 + d**6/720 - d**4/12 - 3*d**2. Let y(p) be the second derivative of a(p). Let n = 332 + -333. Calculate y(n).
6
Let s(a) be the second derivative of 2*a**4/3 + a**2/2 + 2*a. Let b(g) = -2*g + 9. Let v = 39 + -35. Let k be b(v). Give s(k).
9
Let h(n) be the first derivative of n**2 + 38*n + 8. What is h(-18)?
2
Suppose -7 = 3627*b - 3626*b. Let p(u) be the third derivative of -u**4/24 - 8*u**3/3 - u**2. Calculate p(b).
-9
Let z = -43 - -58. Let l(s) = z + 0*s + 0*s + 6*s - 22 - s**2. Suppose 4*j + j - 25 = 0. Calculate l(j).
-2
Let q(o) be the third derivative of -o**4/24 - o**3/6 - o**2. Let s = -117 - -116. Let x = s - -3. Give q(x).
-3
Suppose -3*h = x - h + 3, 3 = -3*h. Let s be (x + 2 + 1)/(2/3). Let c(z) = -z**3 + 2*z**2 + z. What is c(s)?
-6
Suppose 98*f = 92*f + 60. Let r(a) = -a**3 + 11*a**2 - 8*a + 12. Give r(f).
32
Let q(s) = 2*s**2 + 4*s + 3. Suppose 0 = -2*g - f + 2*f - 5, -3*f + 3 = -2*g. Let w(l) = -l**3 - 6*l**2 + 2*l + 13. Let a be w(-6). Let y = a + g. Give q(y).
3
Let p(o) = -2*o. Suppose 2*a + 8 = 5*y - 4, y - 6 = 4*a. Suppose r + y = 3*b - 4*b, -b + r = -8. Suppose 0 = 5*s - 6*s + b. Give p(s).
-6
Suppose 4*n - 4*q = 0, -4*n + 11 = q + 1. Let r(i) = n*i - 5*i**2 + i + i + i**3 - 9*i. Determine r(6).
6
Let n = 4 - 6. Let g(c) = 3*c**3 - c. Let b be g(1). Let o(m) = 3 - 4 + 25*m**3 - b*m**2 - 26*m**3 - m. Determine o(n).
1
Let o(l) = -6*l + 5. Let h(v) = 5*v - 3. Let g(r) = 3*h(r) + 2*o(r). Give g(1).
4
Let u(k) = -k**3 - k + 8. Suppose 2*m - 28 = c, -3*m = 5*c - 33 - 9. Let w be (-20)/70 + 4/m. Determine u(w).
8
Let o(u) = u**3 - 4*u**2 + u - 4. Let t(x) = 10*x**2 - 46*x + 71. Let s(y) = -3*y**2 + 15*y - 24. Let i(c) = -7*s(c) - 2*t(c). Let f be i(11). Calculate o(f).
0
Suppose 4*h = -5*l - 17, -5*l - 14 = -4*h + 19. Let m(j) be the third derivative of -j**4/24 + j**3/3 + 3*j**2 + 25. Give m(h).
0
Let q(m) be the third derivative of -m**6/72 + m**5/120 - 5*m**4/8 + 26*m**2. Let f(r) be the second derivative